{"id":19,"date":"2021-11-03T03:16:35","date_gmt":"2021-11-03T03:16:35","guid":{"rendered":"https:\/\/gcingenieria.cl\/web\/?page_id=19"},"modified":"2021-11-23T23:51:12","modified_gmt":"2021-11-23T23:51:12","slug":"quienes-somos","status":"publish","type":"page","link":"https:\/\/gcingenieria.cl\/web\/quienes-somos\/","title":{"rendered":"Acerca de Nosotros"},"content":{"rendered":"\n<p><strong>GC Ingenier\u00eda<\/strong>, es una empresa dedicada al desarrollo de Ingenier\u00eda, Montaje el\u00e9ctrico, automatizaci\u00f3n, sistemas para energ\u00eda sustentable, dise\u00f1o y construcci\u00f3n de tableros y gabinetes, para el apoyo de requerimientos Tecnol\u00f3gicos en electricidad y automatizaci\u00f3n, para la miner\u00eda, la industria, generaci\u00f3n distribuci\u00f3n y Oil &amp; Gas, para el sector privado y p\u00fablico. GC Ingenier\u00eda se crea en Santiago de Chile, nace bajo la visi\u00f3n y la experiencia para desarrollar y apoyar a la industria en general en la ejecuci\u00f3n de proyectos, en todas las \u00e1reas relacionadas en electricidad y automatizaci\u00f3n.<\/p>\n\n\n\n<p>Cuenta con profesionales con m\u00e1s de 10 a\u00f1os de experiencia en supervisi\u00f3n e inspecci\u00f3n de obras el\u00e9ctricas, automatizaci\u00f3n e instrumentaci\u00f3n.<br><\/p>\n\n\n\n<p class=\"has-large-font-size\"><strong>Misi\u00f3n<\/strong><\/p>\n\n\n\n<p>Entregar a la industria y la miner\u00eda una instancia t\u00e9cnica y operativa para la ejecuci\u00f3n y desarrollo de ingenier\u00eda, especificaciones t\u00e9cnicas, planos y diagramas, normalizaci\u00f3n de documentaci\u00f3n en el desarrollo de proyectos el\u00e9ctrico y de automatizaci\u00f3n. Adem\u00e1s realizar en base a la experiencia la ejecuci\u00f3n de los proyectos desarrollados.<\/p>\n\n\n\n<p class=\"has-large-font-size\"><strong>Visi\u00f3n<\/strong><\/p>\n\n\n\n<p>Ser un integrador en soluciones t\u00e9cnicas de ingenier\u00eda y montaje de un proyecto industrial de las \u00e1reas Electricidad y automatizaci\u00f3n en procesos industriales. Y por sobre todo en soluciones para la implementaci\u00f3n de sistemas para la energ\u00eda renovables no convencionales.<\/p>\n","protected":false},"excerpt":{"rendered":"<p>GC Ingenier\u00eda, es una empresa dedicada al desarrollo de Ingenier\u00eda, Montaje el\u00e9ctrico, automatizaci\u00f3n, sistemas para energ\u00eda sustentable, dise\u00f1o y construcci\u00f3n de tableros y gabinetes, para el apoyo de requerimientos Tecnol\u00f3gicos en electricidad y automatizaci\u00f3n, para la miner\u00eda, la industria, generaci\u00f3n distribuci\u00f3n y Oil &amp; Gas, para el sector privado y p\u00fablico. GC Ingenier\u00eda se crea [&hellip;]<\/p>\n","protected":false},"author":1,"featured_media":0,"parent":0,"menu_order":0,"comment_status":"closed","ping_status":"closed","template":"templates\/about.php","meta":[],"_links":{"self":[{"href":"https:\/\/gcingenieria.cl\/web\/wp-json\/wp\/v2\/pages\/19"}],"collection":[{"href":"https:\/\/gcingenieria.cl\/web\/wp-json\/wp\/v2\/pages"}],"about":[{"href":"https:\/\/gcingenieria.cl\/web\/wp-json\/wp\/v2\/types\/page"}],"author":[{"embeddable":true,"href":"https:\/\/gcingenieria.cl\/web\/wp-json\/wp\/v2\/users\/1"}],"replies":[{"embeddable":true,"href":"https:\/\/gcingenieria.cl\/web\/wp-json\/wp\/v2\/comments?post=19"}],"version-history":[{"count":6,"href":"https:\/\/gcingenieria.cl\/web\/wp-json\/wp\/v2\/pages\/19\/revisions"}],"predecessor-version":[{"id":191,"href":"https:\/\/gcingenieria.cl\/web\/wp-json\/wp\/v2\/pages\/19\/revisions\/191"}],"wp:attachment":[{"href":"https:\/\/gcingenieria.cl\/web\/wp-json\/wp\/v2\/media?parent=19"}],"curies":[{"name":"wp","href":"https:\/\/api.w.org\/{rel}","templated":true}]}}