{"id":493,"date":"2022-01-22T01:46:03","date_gmt":"2022-01-22T01:46:03","guid":{"rendered":"https:\/\/gcingenieria.cl\/web\/?page_id=493"},"modified":"2022-03-12T14:37:26","modified_gmt":"2022-03-12T14:37:26","slug":"fabricacion-de-tableros","status":"publish","type":"page","link":"https:\/\/gcingenieria.cl\/web\/fabricacion-de-tableros\/","title":{"rendered":"Fabricaci\u00f3n de tableros"},"content":{"rendered":"\n<p>Somos proveedores certificados ABB, y nuestra \u00e1rea de Ingenier\u00eda realiza los c\u00e1lculos necesarios para el correcto desarrollo y dise\u00f1o en la fabricaci\u00f3n, armado, conexionado y pruebas de tableros.<\/p>\n\n\n\n<div class=\"alignnormal\"><div id=\"metaslider-id-495\" style=\"width: 100%;\" class=\"ml-slider-3-24-0 metaslider metaslider-flex metaslider-495 ml-slider\">\n    <div id=\"metaslider_container_495\">\n        <div id=\"metaslider_495\">\n            <ul aria-live=\"polite\" class=\"slides\">\n                <li style=\"display: block; width: 100%;\" class=\"slide-503 ms-image\"><img src=\"https:\/\/gcingenieria.cl\/web\/wp-content\/uploads\/2022\/01\/DSC00159-BN.jpg\" height=\"300\" width=\"700\" alt=\"\" class=\"slider-495 slide-503\" title=\"DSC00159-BN\" \/><\/li>\n                <li style=\"display: none; width: 100%;\" class=\"slide-504 ms-image\"><img src=\"https:\/\/gcingenieria.cl\/web\/wp-content\/uploads\/2022\/01\/DSC00173-BN.jpg\" height=\"300\" width=\"700\" alt=\"\" class=\"slider-495 slide-504\" title=\"DSC00173-BN\" \/><\/li>\n                <li style=\"display: none; width: 100%;\" class=\"slide-505 ms-image\"><img src=\"https:\/\/gcingenieria.cl\/web\/wp-content\/uploads\/2022\/01\/DSC00374-BN.jpg\" height=\"300\" width=\"700\" alt=\"\" class=\"slider-495 slide-505\" title=\"DSC00374-BN\" \/><\/li>\n                <li style=\"display: none; width: 100%;\" class=\"slide-506 ms-image\"><img src=\"https:\/\/gcingenieria.cl\/web\/wp-content\/uploads\/2022\/01\/DSC00388-BN.jpg\" height=\"300\" width=\"700\" alt=\"\" class=\"slider-495 slide-506\" title=\"DSC00388-BN\" \/><\/li>\n                <li style=\"display: none; width: 100%;\" class=\"slide-507 ms-image\"><img src=\"https:\/\/gcingenieria.cl\/web\/wp-content\/uploads\/2022\/01\/IMG_20210427_182437214-BN.jpg\" height=\"300\" width=\"700\" alt=\"\" class=\"slider-495 slide-507\" title=\"IMG_20210427_182437214-BN\" \/><\/li>\n                <li style=\"display: none; width: 100%;\" class=\"slide-508 ms-image\"><img src=\"https:\/\/gcingenieria.cl\/web\/wp-content\/uploads\/2022\/01\/IMG_20210525_172456536-BN.jpg\" height=\"300\" width=\"700\" alt=\"\" class=\"slider-495 slide-508\" title=\"IMG_20210525_172456536-BN\" \/><\/li>\n                <li style=\"display: none; width: 100%;\" class=\"slide-509 ms-image\"><img src=\"https:\/\/gcingenieria.cl\/web\/wp-content\/uploads\/2022\/01\/IMG_20210616_132120634-BN.jpg\" height=\"300\" width=\"700\" alt=\"\" class=\"slider-495 slide-509\" title=\"IMG_20210616_132120634-BN\" \/><\/li>\n            <\/ul>\n        <\/div>\n        \n    <\/div>\n<\/div><\/div>\n\n\n\n<figure class=\"wp-block-gallery has-nested-images columns-6 is-cropped wp-block-gallery-1 is-layout-flex\">\n<figure class=\"wp-block-image size-large\"><img decoding=\"async\" loading=\"lazy\" width=\"1920\" height=\"2560\" data-id=\"535\"  src=\"https:\/\/gcingenieria.cl\/web\/wp-content\/uploads\/2022\/03\/IMG_20220213_224639365-scaled.jpg\" alt=\"\" class=\"wp-image-535\" srcset=\"https:\/\/gcingenieria.cl\/web\/wp-content\/uploads\/2022\/03\/IMG_20220213_224639365-scaled.jpg 1920w, https:\/\/gcingenieria.cl\/web\/wp-content\/uploads\/2022\/03\/IMG_20220213_224639365-225x300.jpg 225w, https:\/\/gcingenieria.cl\/web\/wp-content\/uploads\/2022\/03\/IMG_20220213_224639365-768x1024.jpg 768w, https:\/\/gcingenieria.cl\/web\/wp-content\/uploads\/2022\/03\/IMG_20220213_224639365-1152x1536.jpg 1152w, https:\/\/gcingenieria.cl\/web\/wp-content\/uploads\/2022\/03\/IMG_20220213_224639365-1536x2048.jpg 1536w\" sizes=\"(max-width: 1920px) 100vw, 1920px\" \/><\/figure>\n\n\n\n<figure class=\"wp-block-image size-large\"><img decoding=\"async\" loading=\"lazy\" width=\"1920\" height=\"2560\" data-id=\"536\"  src=\"https:\/\/gcingenieria.cl\/web\/wp-content\/uploads\/2022\/03\/IMG_20210616_132355121-scaled.jpg\" alt=\"\" class=\"wp-image-536\" srcset=\"https:\/\/gcingenieria.cl\/web\/wp-content\/uploads\/2022\/03\/IMG_20210616_132355121-scaled.jpg 1920w, https:\/\/gcingenieria.cl\/web\/wp-content\/uploads\/2022\/03\/IMG_20210616_132355121-225x300.jpg 225w, https:\/\/gcingenieria.cl\/web\/wp-content\/uploads\/2022\/03\/IMG_20210616_132355121-768x1024.jpg 768w, https:\/\/gcingenieria.cl\/web\/wp-content\/uploads\/2022\/03\/IMG_20210616_132355121-1152x1536.jpg 1152w, https:\/\/gcingenieria.cl\/web\/wp-content\/uploads\/2022\/03\/IMG_20210616_132355121-1536x2048.jpg 1536w\" sizes=\"(max-width: 1920px) 100vw, 1920px\" \/><\/figure>\n\n\n\n<figure class=\"wp-block-image size-large\"><img decoding=\"async\" loading=\"lazy\" width=\"1920\" height=\"2560\" data-id=\"537\"  src=\"https:\/\/gcingenieria.cl\/web\/wp-content\/uploads\/2022\/03\/IMG_20210617_083324212-scaled.jpg\" alt=\"\" class=\"wp-image-537\" srcset=\"https:\/\/gcingenieria.cl\/web\/wp-content\/uploads\/2022\/03\/IMG_20210617_083324212-scaled.jpg 1920w, https:\/\/gcingenieria.cl\/web\/wp-content\/uploads\/2022\/03\/IMG_20210617_083324212-225x300.jpg 225w, https:\/\/gcingenieria.cl\/web\/wp-content\/uploads\/2022\/03\/IMG_20210617_083324212-768x1024.jpg 768w, https:\/\/gcingenieria.cl\/web\/wp-content\/uploads\/2022\/03\/IMG_20210617_083324212-1152x1536.jpg 1152w, https:\/\/gcingenieria.cl\/web\/wp-content\/uploads\/2022\/03\/IMG_20210617_083324212-1536x2048.jpg 1536w\" sizes=\"(max-width: 1920px) 100vw, 1920px\" \/><\/figure>\n\n\n\n<figure class=\"wp-block-image size-large\"><img decoding=\"async\" loading=\"lazy\" width=\"1920\" height=\"2560\" data-id=\"538\"  src=\"https:\/\/gcingenieria.cl\/web\/wp-content\/uploads\/2022\/03\/IMG_20210617_083342826-scaled.jpg\" alt=\"\" class=\"wp-image-538\" srcset=\"https:\/\/gcingenieria.cl\/web\/wp-content\/uploads\/2022\/03\/IMG_20210617_083342826-scaled.jpg 1920w, https:\/\/gcingenieria.cl\/web\/wp-content\/uploads\/2022\/03\/IMG_20210617_083342826-225x300.jpg 225w, https:\/\/gcingenieria.cl\/web\/wp-content\/uploads\/2022\/03\/IMG_20210617_083342826-768x1024.jpg 768w, https:\/\/gcingenieria.cl\/web\/wp-content\/uploads\/2022\/03\/IMG_20210617_083342826-1152x1536.jpg 1152w, https:\/\/gcingenieria.cl\/web\/wp-content\/uploads\/2022\/03\/IMG_20210617_083342826-1536x2048.jpg 1536w\" sizes=\"(max-width: 1920px) 100vw, 1920px\" \/><\/figure>\n\n\n\n<figure class=\"wp-block-image size-large\"><img decoding=\"async\" loading=\"lazy\" width=\"2560\" height=\"1920\" data-id=\"532\"  src=\"https:\/\/gcingenieria.cl\/web\/wp-content\/uploads\/2022\/03\/IMG_20220309_125328232-scaled.jpg\" alt=\"\" class=\"wp-image-532\" srcset=\"https:\/\/gcingenieria.cl\/web\/wp-content\/uploads\/2022\/03\/IMG_20220309_125328232-scaled.jpg 2560w, https:\/\/gcingenieria.cl\/web\/wp-content\/uploads\/2022\/03\/IMG_20220309_125328232-300x225.jpg 300w, https:\/\/gcingenieria.cl\/web\/wp-content\/uploads\/2022\/03\/IMG_20220309_125328232-1024x768.jpg 1024w, https:\/\/gcingenieria.cl\/web\/wp-content\/uploads\/2022\/03\/IMG_20220309_125328232-768x576.jpg 768w, https:\/\/gcingenieria.cl\/web\/wp-content\/uploads\/2022\/03\/IMG_20220309_125328232-1536x1152.jpg 1536w, https:\/\/gcingenieria.cl\/web\/wp-content\/uploads\/2022\/03\/IMG_20220309_125328232-2048x1536.jpg 2048w\" sizes=\"(max-width: 2560px) 100vw, 2560px\" \/><\/figure>\n\n\n\n<figure class=\"wp-block-image size-large\"><img decoding=\"async\" loading=\"lazy\" width=\"1920\" height=\"2560\" data-id=\"531\"  src=\"https:\/\/gcingenieria.cl\/web\/wp-content\/uploads\/2022\/03\/IMG_20220309_125310856-scaled.jpg\" alt=\"\" class=\"wp-image-531\" srcset=\"https:\/\/gcingenieria.cl\/web\/wp-content\/uploads\/2022\/03\/IMG_20220309_125310856-scaled.jpg 1920w, https:\/\/gcingenieria.cl\/web\/wp-content\/uploads\/2022\/03\/IMG_20220309_125310856-225x300.jpg 225w, https:\/\/gcingenieria.cl\/web\/wp-content\/uploads\/2022\/03\/IMG_20220309_125310856-768x1024.jpg 768w, https:\/\/gcingenieria.cl\/web\/wp-content\/uploads\/2022\/03\/IMG_20220309_125310856-1152x1536.jpg 1152w, https:\/\/gcingenieria.cl\/web\/wp-content\/uploads\/2022\/03\/IMG_20220309_125310856-1536x2048.jpg 1536w\" sizes=\"(max-width: 1920px) 100vw, 1920px\" \/><\/figure>\n<\/figure>\n","protected":false},"excerpt":{"rendered":"<p>Somos proveedores certificados ABB, y nuestra \u00e1rea de Ingenier\u00eda realiza los c\u00e1lculos necesarios para el correcto desarrollo y dise\u00f1o en la fabricaci\u00f3n, armado, conexionado y pruebas de tableros.<\/p>\n","protected":false},"author":1,"featured_media":0,"parent":0,"menu_order":0,"comment_status":"closed","ping_status":"closed","template":"templates\/fullwidth.php","meta":[],"_links":{"self":[{"href":"https:\/\/gcingenieria.cl\/web\/wp-json\/wp\/v2\/pages\/493"}],"collection":[{"href":"https:\/\/gcingenieria.cl\/web\/wp-json\/wp\/v2\/pages"}],"about":[{"href":"https:\/\/gcingenieria.cl\/web\/wp-json\/wp\/v2\/types\/page"}],"author":[{"embeddable":true,"href":"https:\/\/gcingenieria.cl\/web\/wp-json\/wp\/v2\/users\/1"}],"replies":[{"embeddable":true,"href":"https:\/\/gcingenieria.cl\/web\/wp-json\/wp\/v2\/comments?post=493"}],"version-history":[{"count":6,"href":"https:\/\/gcingenieria.cl\/web\/wp-json\/wp\/v2\/pages\/493\/revisions"}],"predecessor-version":[{"id":539,"href":"https:\/\/gcingenieria.cl\/web\/wp-json\/wp\/v2\/pages\/493\/revisions\/539"}],"wp:attachment":[{"href":"https:\/\/gcingenieria.cl\/web\/wp-json\/wp\/v2\/media?parent=493"}],"curies":[{"name":"wp","href":"https:\/\/api.w.org\/{rel}","templated":true}]}}